 Calculate the remainder when d is divided by 4.
2
Suppose -26 = -a + 3*s, 3*a = -s - 4*s + 78. What is the remainder when 77 is divided by a?
25
Let d(w) = w**2 + 2*w - 7. Let y be d(8). Calculate the remainder when (-2)/(-1)*y/2 is divided by 25.
23
Let z be 4/(-4) + (-72 - 0). Let l be (-1 + 0)*(1 + 16). Let o = l - z. Calculate the remainder when o is divided by 19.
18
Let s = -16 + 28. Let k(a) = a**2 + 2*a - 2. What is the remainder when k(5) is divided by s?
9
Let p(f) = -4*f - 1. Let j be p(2). Let q = -5 - j. Suppose 2*s - 2*g = 22, -2*s - 2*g + 0 = -6. Calculate the remainder when s is divided by q.
3
Suppose l - 2*l + 18 = 0. Let k = l - 7. Calculate the remainder when 20 is divided by k.
9
Let r(n) = -5*n + 13. Calculate the remainder when r(-7) is divided by 17.
14
Suppose -5*x + 6*x = 19. Suppose -4*o + 537 = -183. Suppose 0 = 8*f - 3*f - o. What is the remainder when f is divided by x?
17
Suppose 2*u + u = -4*m + 111, -4*m + 76 = -4*u. Suppose -w + 22 = 3*j, -5*w + 4*j = -27 - 26. What is the remainder when m is divided by w?
11
Let d = -50 - -70. What is the remainder when d is divided by 11?
9
Calculate the remainder when -1 + (3 - 3) - -23 is divided by 6.
4
Let f(i) = 2*i**3 - 8*i**2 + 6*i - 5. Calculate the remainder when 47 is divided by f(4).
9
Let d(c) = c + 97. Let w be d(0). Suppose -w = -5*n - 32. What is the remainder when 50 is divided by n?
11
Let f = 20 - 7. What is the remainder when f is divided by 8?
5
Calculate the remainder when ((-192)/(-18))/((-3)/(-9)) is divided by 5.
2
Suppose -3*b = -38 - 25. Calculate the remainder when b is divided by ((-1)/2)/(3/(-72)).
9
Let q(s) = -3*s - 4. Let o be q(-3). Suppose o*u - 79 + 24 = 0. What is the remainder when 32 is divided by u?
10
Let b(r) = 4*r + 41. What is the remainder when b(3) is divided by 29?
24
Let a = 69 + -36. Suppose -h + 5*h - 3*m = -73, 3*h + 71 = -m. Let z = -5 - h. Calculate the remainder when a is divided by z.
16
Let x(f) = f**2 - 21. Let y be x(0). Let q = -13 - y. What is the remainder when q is divided by 6?
2
Let q = 14 - 7. Suppose -7*u + 11*u - 3*n = 84, 82 = 5*u + 2*n. Calculate the remainder when u is divided by q.
4
Suppose 0 = -7*l + 395 - 52. Calculate the remainder when l is divided by 25.
24
Suppose -4*k - 70 = -226. Let m = -27 - -47. Let s = m + k. Calculate the remainder when s is divided by 20.
19
Let k = -18 + 23. What is the remainder when k is divided by 3?
2
Suppose -f + 8 = g - 0, 43 = 5*f + 4*g. Calculate the remainder when 31 is divided by f.
9
Let l(r) = -r - 2. Let i be l(6). Let s = 6 + i. What is the remainder when 8 is divided by s/3*9/(-2)?
2
Let a be 2/(-3) - 1635/(-9). Let d = -256 + a. Calculate the remainder when 36 is divided by 1/4 + d/(-4).
17
Suppose -k + 20 = 2*d - 5*k, 3*k + 30 = 4*d. Let a be 2/8 + 7/4. Suppose a*n - 16 = -2*n. Calculate the remainder when d is divided by n.
2
Let p be ((-30)/(-3))/((-1)/(-2)). What is the remainder when 86 is divided by 2 + (-3)/((-3)/p)?
20
Let v = -1 + 6. What is the remainder when v is divided by 26/7 + 6/21?
1
Suppose -2*u + 124 = u - 5*j, u - 3*j = 44. What is the remainder when 72 is divided by u?
34
Calculate the remainder when 195 is divided by (-20)/170 + (-956)/(-34).
27
Let t(a) = -a**3 + 5*a**2 + 6*a + 8. Let d be t(6). Let c = d - 2. What is the remainder when c is divided by 3?
0
Suppose -5*q + 2*g = 26 - 86, -q = -4*g - 12. Calculate the remainder when -1 + (1 + 0)*36 is divided by q.
11
Suppose 2*v - 156 = -0*v. Calculate the remainder when v is divided by 16.
14
Let p(m) = -4*m + 1. Let h be p(-1). Suppose 1 = z - h. Suppose 5*u + u - 102 = 0. Calculate the remainder when u is divided by z.
5
Let v be (36/16)/(2/(-72)). Calculate the remainder when (v/(-6))/(3/4) is divided by 10.
8
Let c(x) = 7*x**2 + 6*x**2 - 4*x**2 + 3 - x**3. Calculate the remainder when 10 is divided by c(9).
1
Suppose 4*o + 75 = -o. Let x be ((-1)/2)/(2/(-4)). Calculate the remainder when 38 is divided by x - ((-3)/(-1) + o).
12
Suppose -w + 6 = n - 2, -7 = -4*w + n. Suppose -w*g + 6*g - 42 = 0. Suppose -4*b - 31 + g = 5*o, 2*b - 4*o = 24. Calculate the remainder when 2 is divided by b.
0
Let x = 3 + 2. What is the remainder when 7 is divided by x?
2
Let l(a) = a**3 - 3*a**2 + 3*a + 3. Suppose -4*i + 128 = 5*w, 5*i = -4*w + 139 + 21. What is the remainder when i is divided by l(3)?
8
Suppose 0 = -3*f + f + 6. Suppose 2*v - v = f. Calculate the remainder when 6 is divided by v.
0
Let p(k) be the first derivative of 2*k**3/3 - k**2/2 + 5*k - 2. Let c(r) = r**2 + 3*r + 4. Let h be c(-3). Calculate the remainder when p(h) is divided by 9.
6
Suppose -7*i + 2*i - r = -90, 4*r = 0. What is the remainder when 86 is divided by i?
14
Let n = 30 + -25. What is the remainder when (-4 - -3) + 10 + 0 is divided by n?
4
Let i be (-3)/(-2)*16/6. Suppose -22 = i*t - 162. What is the remainder when t is divided by 20 + (1 - 4 - -1)?
17
Suppose -d - 50 + 8 = 0. Let g = -28 - d. Suppose 205 = 2*h + 3*h. Calculate the remainder when h is divided by g.
13
Let q(t) be the second derivative of t**4/12 + t**3 + t**2/2 + 2*t. Let h be q(-6). Calculate the remainder when 33 is divided by h*18 - 3 - -2.
16
Calculate the remainder when (34 + -4)/(2/3) is divided by 12.
9
Suppose -4*d = 2*n - 146, n = -2*d + 6*n + 103. Suppose -4*i + 48 = -2*w + 6*w, 0 = 2*i - 2*w - 32. What is the remainder when d is divided by i?
11
Suppose 3*j - 89 = -5*d - 2, d = -4*j + 14. Calculate the remainder when 16/40 + 263/5 is divided by d.
17
Suppose -c = 3*c - 12. Suppose 3*d - 7 - 5 = 0. Calculate the remainder when d is divided by (-8)/(-36)*3*c.
0
Let b(r) = -r**2 - 5*r + 12. What is the remainder when 33 is divided by b(-5)?
9
Let y(i) = 2*i - 1. Let m be y(2). Suppose m*t = 18 + 6. What is the remainder when t is divided by (-93)/(-18) - 7/42?
3
Let k = -73 + 40. Let p = k + 64. What is the remainder when p is divided by 16?
15
Suppose c = -h + 5, 5*h = -c - 0*h - 15. What is the remainder when 25 is divided by (-8)/(-20) - (-66)/c?
4
Suppose -5*g = v - 37, 5*v - 5*g - 98 = 177. Suppose d + 3*h = 9, h - v = -4*d - 3*h. What is the remainder when d is divided by 4?
3
Suppose -3*u - 4*f - 124 = 0, 9 = 2*u - f + 88. Let d = 69 + u. What is the remainder when d is divided by 10?
9
Let b be 0 - (0 - -3) - 1. What is the remainder when b/(-22) - (-964)/22 is divided by 15?
14
Suppose 5*k = -0*k + 10. Suppose 7 = -t - 2*h, -5*t + k*t + 4*h = -19. Let f(j) = 12*j**3 + j - 1. Calculate the remainder when 22 is divided by f(t).
10
Let m = -3 - -6. Let p(y) = -3*y**3 + 2*y**m - 4*y + 4 - y**2 + 3*y. Calculate the remainder when p(0) is divided by 3.
1
Suppose 0 = 6*a - 2*a - 4*s - 272, -5*s = -2*a + 145. What is the remainder when a is divided by 17?
14
Suppose -q = 29 - 50. What is the remainder when 60 is divided by q?
18
What is the remainder when (163/(-3) + 3)*(-6)/4 is divided by 13?
12
Suppose 3*k = 6*k - 2*f - 17, -2 = 2*k + 2*f. Let i(c) = 2*c - 1. Suppose 0 = 3*g - 33 + 24. What is the remainder when i(k) is divided by g?
2
Let l = 4 + -6. Let q = l - -2. Calculate the remainder when 26/10*(q - -5) is divided by 7.
6
Suppose 10 = 5*v - 5*k - 20, 0 = -3*v - 4*k + 11. Let h be (-4)/v*(-70)/(-4). Let f = 34 + h. Calculate the remainder when 39 is divided by f.
19
Suppose -4*o + 12 = -0*o. What is the remainder when (5 - -20)*(-2)/(-5) is divided by o?
1
Calculate the remainder when ((-60)/8)/3*-4 is divided by 4.
2
Let x(h) = h**2 + h + 1. Calculate the remainder when x(-6) is divided by 17.
14
Suppose 0 = j + 4*j - 100. What is the remainder when 36 is divided by j?
16
Let h = 19 - -4. What is the remainder when h is divided by 8?
7
Suppose 10 = -18*c + 23*c. Suppose -i + 4 = -2. Calculate the remainder when 21/(-2)*(-4)/i is divided by c.
1
Let j = -1 + -7. Calculate the remainder when 19 is divided by (-7)/(-28) - 78/j.
9
Suppose g = -2*g - 21. Let t be ((1 - 0) + -2)*19. Let x = g - t. Calculate the remainder when 35 is divided by x.
11
Suppose r + i + 0*i = 8, -3*i + 2 = r. Let y = -2 + r. Calculate the remainder when 35 is divided by y.
8
Suppose -3*h - 5*h = -64. Calculate the remainder when 21 is divided by h.
5
Let u = 59 + -40. What is the remainder when u is divided by 7?
5
Let s(q) = -13*q - 4. What is the remain